*p**3/3 - 2*p + 3. What is the units digit of j(q)?
4
Suppose -42*j - 2728 = -53*j. What is the tens digit of j?
4
Let w(r) = 2*r**2 + 5*r + 8. Let j be w(-2). Suppose -45 = -2*v + 225. Suppose -4*d = -i - v, j*i - i = 25. What is the units digit of d?
5
Let j(h) = 6*h + 38. Suppose 2*y = -3*y - 30. What is the units digit of j(y)?
2
Suppose 0 = -4*z + 8 - 4, -4*p + z = -4571. What is the tens digit of p?
4
Let s be (-36)/(-54) + 8*(-46)/12. Suppose 2*p - 5*p + 244 = 2*t, 2*p = -4*t + 152. Let n = s + p. What is the tens digit of n?
5
Suppose 0 = -4*x - x + 60. Let y = -4 - x. What is the units digit of 1 - 4/(y/12)?
4
Suppose -3452 = -5*t - 377. What is the units digit of t?
5
Suppose 0 = 3*c - 4*c - w + 1, -w = 2*c. What is the tens digit of c/((2/(-412))/1)?
0
Suppose 0 = -4*a + a + 51. Suppose 20*o - 204 = a*o. What is the units digit of o?
8
Let k(s) = -s**3 - 17*s**2 - 16*s + 39. Let f be k(-16). What is the tens digit of ((-360)/54)/((-2)/f)?
3
Let a be ((-9)/(-6))/((-15)/40). Let q be (a/(-6))/(2/(-3)). What is the tens digit of q + 30 + 3 + -3?
2
Let y(q) = 75*q - 2. Let l be y(1). Let r = l + 9. What is the tens digit of r?
8
Suppose l + l = 0. Suppose l = -7*k - 0*k + 224. Let j = -21 + k. What is the units digit of j?
1
Let u(k) = 8*k - 1. Let s be -4 - (-1 + 4/(-1)). Let p(a) = 5*a**2 + 2*a - 1. Let v be p(s). What is the units digit of u(v)?
7
Let y be (-1498)/(-18) + (-6)/27. Suppose -3*h + 52 = -y. What is the tens digit of h?
4
Let c = 60 - 207. Let p = c + 306. What is the tens digit of p?
5
What is the units digit of (-3 - -6)*-2 - (-4 + -1421)?
9
Suppose -2*a + 2*v + 2 = 0, 3*a = 3*v - 2*v + 7. Suppose 5*g - 4*n - 348 = -n, -g + 4*n = -73. Suppose g = a*y - 96. What is the units digit of y?
5
Let j = 2027 + -1428. What is the units digit of j?
9
Let m = 18 - -21. What is the units digit of (-6)/4*-2 + m + 2?
4
Suppose 0 = 4*b - 4, 3*i = 2*b - 3*b - 170. Suppose -c - 66 = c. Let v = c - i. What is the tens digit of v?
2
Suppose -2*r - 162 = -4*q, 0 = -q - q - r + 79. Let f = q + 23. What is the tens digit of f?
6
Let x = 35 - 33. What is the units digit of 114/(2*x + 15/(-5))?
4
Let i(v) = -5*v**2 - 71*v + 27. What is the tens digit of i(-13)?
0
Let v = 13 - 9. Suppose 2*k - 78 = -v*n, 4 = -3*n + n. What is the units digit of k?
3
Let x(b) = -24*b**3 - 2*b**2 - 2*b. Let v be x(-2). Let n = 461 - v. What is the units digit of n?
3
Suppose 4*c = 2*c - 3*s - 331, -4*s = c + 173. Let n = -2 - c. What is the hundreds digit of n?
1
Let p(i) = 0*i + 10 - 3 + 2*i - i. Let h = 22 - 28. What is the units digit of p(h)?
1
Let b = -25 - -21. Let v be (b + 8 + 7)*1. Suppose -78 = v*l - 13*l. What is the units digit of l?
9
Let p(x) be the third derivative of 7*x**4/8 - 5*x**3/6 - x**2. Let d be p(5). Suppose z = -4*z + d. What is the tens digit of z?
2
Let s(c) = c**2 + 17*c + 35. Let o be s(-15). Suppose 3*x = 4*z - 0*z - 310, o*x = z - 69. What is the tens digit of z?
7
Suppose 2*y - 418 - 92 = 0. What is the units digit of y?
5
Let k = 3 - -5. Let d(u) = 3*u**2 - 4*u - 9. Let v(b) = -b**2 - b - 1. Let g(m) = d(m) + 2*v(m). What is the units digit of g(k)?
5
Let f be -3 + (7 - 4/1). What is the units digit of f + (3 - 6)/(-3 - 0)?
1
What is the units digit of ((-16404)/(-20) - 8/(-10)) + 1?
2
Let u(y) be the first derivative of -8*y**2 + 5*y - 12. What is the hundreds digit of u(-11)?
1
Let z(v) = 2*v + 3. Let s be z(12). Let c = s - 16. Suppose 4*o = -u + 80, o = -5*u + c + 9. What is the units digit of o?
0
Let a(y) = 131*y**3 - y**2 - 2*y. Let t be a(2). Suppose l - 10 = 3*l, 5*f - t = 3*l. What is the hundreds digit of f?
2
Let d(w) = 946*w - 25. What is the tens digit of d(4)?
5
Let g be 122 + (-2)/(-6)*9. Suppose 3*m = -2*m + g. Suppose -5*q + 185 = 3*w, -3*w - m = -5*q - 200. What is the tens digit of w?
6
What is the tens digit of ((-68)/6 + 3)*-15?
2
Suppose -2*v + 12 + 0 = a, 0 = -5*a - 5*v + 50. Let k = -16 - -27. What is the tens digit of 2 + a/(-4) + k?
1
What is the thousands digit of (-1)/2*-4418 - -6?
2
Suppose 0 = 3*y - 12, 0 = -p - 5*y + 941 + 1232. What is the units digit of p?
3
Suppose -25*z = -28*z + 870. Let l be (-4)/(-1) + 0/(-2). Suppose 62 = -l*q + z. What is the tens digit of q?
5
Let o be (-12 - -4)/(0 - 2). Suppose -4 + 16 = -o*g. What is the tens digit of -1 + (g + 19 - 1)?
1
Let b(c) = 2*c - 2. Let q be b(2). Suppose s - q*m - 3 = 0, 4*s - 12 = 2*m + 2*m. What is the tens digit of 16 - s - (1 + -1)?
1
Let v = 8780 + -5664. What is the units digit of v?
6
Suppose 1215 = g + 3*q, -q + 6089 = 2*g + 3*g. What is the units digit of g?
8
Let d(r) = 6*r**2 + 3*r + 4. Let l be (-4)/(-24) - 5/30. Suppose 2*h = -5*n - l - 7, 2 = -2*n - h. What is the tens digit of d(n)?
4
Let u = 186 - 54. Let t(n) = 151 + n**2 + 0*n**2 + 19*n - u. What is the tens digit of t(-19)?
1
Let p be 3/(-6)*2 + 73. Suppose -25*q + 360 = -22*q. Suppose -2*t - q = -5*d - 0*d, 2*d - p = -4*t. What is the units digit of d?
6
Let p(d) = -104*d**3 - d**2 - d - 1. Let c be p(-1). Suppose -2*h = q - 241, -h + 2*q + c = -q. What is the units digit of h?
8
Let b be ((-66)/7)/(1/(-7)). Let v be (416/(-24))/(-13) + (-4)/(-6). Suppose 5*p = v*p + b. What is the tens digit of p?
2
Let p be (-1)/(4/(-6))*10/15. What is the tens digit of (102/(0 - p))/((-48)/32)?
6
Let l be (-4)/(-20) - (-136)/20. Suppose -l*c = -9*c + 86. What is the units digit of c?
3
Let j(l) = -3*l**2 - 6 - 5*l**2 - l**3 + 2*l**2 + l. Suppose 3*w - 2*x = -29, -15 = w - 5*x + 12. What is the units digit of j(w)?
6
Let k = 5 + -5. Suppose -4*c - 187 + 55 = k. What is the units digit of c/((-4)/8 - 1)?
2
What is the tens digit of -6 + 400/30*6?
7
Suppose -2*y + 3*q + 7109 = 0, 5*y - 6*y = -11*q - 3545. What is the thousands digit of y?
3
Suppose 2*t = t. Suppose t = -3*c - c + 8. What is the tens digit of c/(-2) - (-2 + -15)?
1
Let w be (-1)/2 + 6*4/(-16). What is the tens digit of ((-64)/(-10))/(w - 144/(-70))?
1
Suppose -2*v = 3 + 3. Let u(k) = 2 - 2*k**2 - 2*k**3 + 0*k**3 + 82*k - 84*k - 6. What is the units digit of u(v)?
8
Suppose -3*l - 12 = 0, 8*c - 6*c + l - 744 = 0. What is the units digit of c?
4
Let x(l) = -l + 11. Let r be x(15). What is the tens digit of r/6*(1 + -130)?
8
What is the thousands digit of 1325/35*87 - (-9)/21?
3
Suppose 0 = -2*t - 5*k + 97, t + 0*k - 3*k - 43 = 0. Suppose 31 = -4*f - 29. Let g = f + t. What is the units digit of g?
1
Suppose -3*o - 34*g + 29*g + 7418 = 0, 2*g = o - 2491. What is the tens digit of o?
8
Suppose 0 = 5*x + 24 - 4. What is the units digit of x/6*(-9 + 3)?
4
Let v be (-2)/3*3 - -3. What is the tens digit of 4 + 90/(4 - v)?
3
Let h = 12 - 2. Let b = 18 - h. Suppose b*p - 3*p - 50 = 0. What is the units digit of p?
0
Let m(n) = -159*n + 32. What is the tens digit of m(-6)?
8
Let l = -5 - 10. Let i(r) = -4*r - 14. What is the tens digit of i(l)?
4
Let k(p) = p**2 - 5*p + 17. Let w be -12*(0 + -4 + 3). Let x be k(w). Let h = -63 + x. What is the tens digit of h?
3
Let f(r) = 4 - 10 + 16*r - 9. What is the tens digit of f(3)?
3
Let q = 1554 + -829. What is the hundreds digit of q?
7
Suppose 2*x + 0*x = 10. Let l = x + 4. Suppose -l*s + 4*s + 65 = 0. What is the units digit of s?
3
Let c(r) = 25*r**3 - 10*r**2 + 2*r - 18. What is the hundreds digit of c(4)?
4
Let q(u) be the first derivative of u**4/4 + 20*u**3/3 + 8*u**2 + 5*u - 29. What is the tens digit of q(-19)?
6
Let i(l) = 166*l - 263. What is the hundreds digit of i(9)?
2
Suppose -1370 = -3*d - v, 0 = 4*d + v + 2*v - 1825. What is the tens digit of d?
5
Let s = -40 + 43. Suppose 2*u = -t + 182, 280 = 3*u + s*t - 5*t. What is the units digit of u?
2
Let g(k) = k + 39. Let a be g(19). Let l = a + -41. What is the tens digit of l?
1
Suppose -4*i + 4*f = -4, 5*f + 1 = 4*i - i. Suppose i*j = -4 + 18. What is the units digit of j?
7
Suppose 8*n - 4355 - 4733 = 0. What is the hundreds digit of n?
1
What is the thousands digit of 10850/20*(-144)/(-40)?
1
Suppose -89 = -4*d + 35. Let h = 15 - 18. Let j = d + h. What is the units digit of j?
8
Let u(h) be the first derivative of h**4/4 - 7*h**3/3 + h - 1. Let l(f) = 7*f - 35. Let a be l(6). What is the units digit of u(a)?
1
Let x(u) be the first derivative of -u**4/4 + 4*u**3/3 + u**2/2 - 5*u - 8. Let k be x(-3). Suppose -39 - k = -2